 n and 40.
5
Let n(y) = 2*y. Let q be n(2). Suppose 5*u + 262 = 2*d + 22, -q*u = -4*d + 456. Calculate the greatest common factor of d and 22.
22
Let m = -3 + 13. Let h be (-12)/m*(-245)/14. Let g = h - -11. Calculate the highest common factor of g and 96.
32
Let r be (-12)/10 + 25/125 - -17. What is the greatest common factor of 1 and r?
1
Let s be -1*3/(-2)*6. Suppose r - 13 = 2*d - 6, -3*r = -s. Let w be ((-3)/(-6))/(d/(-60)). Calculate the highest common factor of w and 45.
15
Suppose 3*n - 126 = -2*j, n - 6*n + 212 = 4*j. What is the greatest common divisor of n and 8?
8
Suppose -5*k + k = -j + 47, k - j = -14. Let y be (k + -13)*(-1)/1. Suppose 6*c = 96 - y. Calculate the highest common factor of c and 3.
3
Suppose 0 = x - 0*x + a - 87, -2*x = 5*a - 180. Suppose 0 = 2*u - 95 - x. What is the greatest common factor of u and 30?
30
Let i be 96/(-9) + 1/(-3). Let t = i + 18. Let g be (55/(-22) + 4)*224/6. What is the highest common divisor of g and t?
7
Let v be (-429)/91*-7 + 11. Calculate the greatest common divisor of 330 and v.
22
Suppose 4*a + w = 5241, -3917 = -3*a - 6*w + 8*w. Calculate the greatest common factor of a and 77.
77
Let v be (-100)/(-16) - (-3)/4. Suppose s = -2*d + v*d + 29, -2 = -d. Calculate the highest common divisor of 26 and s.
13
Suppose -261 + 93 = -21*a. Let m(k) = -3*k**3 + k**2 + k - 2. Let y be m(-2). Calculate the highest common factor of a and y.
8
Let h = 14 - 106. Let z = -66 - h. Let y = 95 - 56. Calculate the highest common factor of y and z.
13
Let t be 2/6 - (-304)/6. Suppose 0 = -5*w + 3*o + t, -6 = -w - 2*o + 4*o. Suppose -9 = -i + 3. Calculate the highest common factor of i and w.
12
Suppose 2*u = -3*u + 90. Suppose 845*a - 834*a - 22 = 0. Calculate the highest common divisor of u and a.
2
Suppose q - 31 - 59 = 3*i, 2*q = 4*i + 188. Calculate the highest common divisor of 170 and q.
34
Let z = 63 + -88. Let o = z - -25. Suppose -f = -o*f - 5. Calculate the highest common factor of f and 25.
5
Let y = -21 - -37. Suppose -3 = -19*x + y*x. What is the highest common factor of x and 7?
1
Let z(s) = 5 - 10 + 4 + 3*s + 3. Let f be z(4). What is the greatest common factor of 35 and f?
7
Let w be (-2)/(-10) + 348/10. Let o = w - 15. Let a = 143 + -135. Calculate the greatest common factor of a and o.
4
Let j be 9/(216/(-16)) - (-716)/3. Calculate the greatest common factor of j and 34.
34
Let w = -25 + 18. Let z = 77 + w. What is the greatest common divisor of 28 and z?
14
Suppose -3*g = 0, 3*g = -6*n + n + 20. Suppose 3*z = -3*j + 15, -z - z + 10 = 0. Let d be (3 - n)*(-2 - j). Calculate the highest common divisor of 22 and d.
2
Let f = -251 + 482. Calculate the highest common factor of f and 33.
33
Suppose 0*a - 30 = -3*a + 5*j, 3*a - 27 = 4*j. Suppose 0 = 2*w - 4*w + a*b + 177, -3*w = 3*b - 276. Calculate the highest common factor of 13 and w.
13
Let q(u) = -u**3 - 9*u**2 - 8*u + 5. Let i be q(-8). Suppose 2*p = -4*a + 64, -48 - 107 = -5*p - i*a. Calculate the highest common divisor of p and 15.
15
Let y(x) = 6*x**2 - 4. Suppose 0 = -5*a + 4*a + 26. Let n = 29 - a. Let v be y(n). Calculate the highest common divisor of 10 and v.
10
Let t(u) = 12*u**2 - 5*u + 9. Let c be t(1). Calculate the highest common divisor of c and 4.
4
Suppose 2*m - 6*k - 18 = -2*k, -2*m - 3*k = -4. What is the highest common divisor of m and 2?
1
Let o be 0 + -1 - (11 + -290 + 2). Calculate the highest common factor of 69 and o.
69
Let w(m) = m**3 - 11*m**2 + m - 11. Let x be w(11). Suppose 4*y - 2*y - 304 = x. Suppose -s - 2*s + 57 = 0. What is the greatest common divisor of y and s?
19
Suppose -50 = -t - t + 2*r, 5*t + 2*r - 160 = 0. Let o(l) = -51*l + 3. Let p be o(-4). Let f = p + -117. What is the highest common divisor of f and t?
30
Let l be (-1 + 6)*24/20. Let n = 69 - 106. Let y = n + 39. What is the highest common divisor of y and l?
2
Let m be (45/3)/(-5) + (-2 - -285). What is the highest common divisor of 40 and m?
40
Let s be 3/(-12) + (-50)/(-8). Let i be (13 - s)/((-1)/(-23)). Calculate the greatest common divisor of i and 23.
23
Suppose -153 = -7*c + 1. Let z = c - 18. Suppose -z*m - 16 = -76. Calculate the highest common divisor of m and 30.
15
Suppose y - 2*y - 4*j + 20 = 0, 4*j = -5*y + 84. What is the highest common divisor of y and 944?
16
Suppose 3*j + 54 = -0*j. Let r be ((-1)/(-4)*-6)/(1/j). Calculate the greatest common factor of 9 and r.
9
Let d(z) = 7*z - 20. Let w be d(3). Let b be (-2 - w) + (3 - -47 - -7). What is the highest common divisor of b and 36?
18
Let m(o) = -o**2 - 25*o - 34. Let p be m(-22). What is the highest common factor of p and 336?
16
Let z be (-4 + (-7)/(-2))*0. Let j be 1 + (3 - z) - -13. Let h(f) = 21*f + 6. Let y be h(7). Calculate the greatest common divisor of j and y.
17
Let b(s) = 0 - 10 - 1 - 1 + 17 + 5*s. Suppose -2 - 7 = -3*d. Let u be b(d). Calculate the highest common divisor of 140 and u.
20
Let o be 1/((-32)/33 - -1). Suppose 4*i = 5*s + 4 - 171, -o = -s + i. Let f be 114/190*(-25)/(-3). Calculate the highest common divisor of s and f.
5
Let c = 556 + -526. Calculate the greatest common divisor of 96 and c.
6
Suppose -3*g + 3*r = 0, 2*r - 19 = -2*g - 3. Suppose -2 = 2*f, -67 = -3*k - g*f - f. Calculate the greatest common divisor of k and 120.
24
Let i(j) = -j - 6. Let s be i(-2). Let o be (s/(-2) - 0) + 30 + -9. Calculate the highest common factor of 207 and o.
23
Let t = 34 - -316. Calculate the greatest common divisor of 14 and t.
14
Let f(a) = 2*a**2 - 23*a + 17. Suppose 0 = 6*c - 11*c + 55. Let v be f(c). What is the highest common divisor of v and 9?
3
Let d be (-8)/144*6 - 37/(-3). Let p(x) = 3*x**2 - 2*x. Let k = -5 - -7. Let r be p(k). Calculate the greatest common factor of d and r.
4
Suppose 6*w - 35 = w - 3*k, w + 5*k = 29. Suppose -5*c = -15, w*j - 217 = -2*c + 5. Calculate the greatest common factor of 18 and j.
18
Suppose 7*y - 3*y + 106 = 3*w, 3*w = 2*y + 110. What is the greatest common factor of 475 and w?
19
Let q = 45 - 85. Let j = q + 48. Calculate the highest common divisor of j and 88.
8
Let o be (-3)/(-2)*2 + (59 - -6). What is the greatest common factor of o and 85?
17
Let t = -36 + 44. Suppose -10*j + 54 = -t*j. What is the highest common factor of 18 and j?
9
Let o be (-1)/(-2)*170/5. Let q be (o + -51)*(1 + (1 - 4)). Suppose 8*r - 4*j - 60 = 4*r, -j = -2. Calculate the highest common divisor of r and q.
17
Suppose -93 = -b + 98. Calculate the greatest common divisor of b and 1.
1
Suppose 9*v - 56 = -20. Suppose v*t + 3*i + 15 - 64 = 0, 2*i + 74 = 4*t. What is the highest common factor of t and 256?
16
Let l = 12 + -10. Let w be 3 + -3 - (l - 4). Suppose 15 = h + w*i, h - 4*i = -9 + 24. What is the greatest common divisor of 6 and h?
3
Suppose 3*u = -6*b + 3*b + 3, 0 = 2*u - 6. Let d be b/(-4) - 2/4. Suppose -p + 11 + 9 = d. Calculate the greatest common factor of p and 30.
10
Let x(a) = -a**2 - 7*a + 9. Let u be x(-7). Let i be 16/3*15/2. Suppose 0 = -4*n - 4 + i. What is the greatest common factor of u and n?
9
Let k = -51 - -87. Suppose -35*h - 16 = -k*h. Calculate the greatest common divisor of h and 8.
8
Suppose -12*v + 20*v = 16. Suppose 0*n + 4*h = -3*n + 4, -h - 8 = 3*n. Let c be 11/(-22) + (-6)/n. What is the greatest common divisor of v and c?
1
Suppose 7*d + 45 - 10 = 0. Let q be (d - (-2 + -2))/(1/(-121)). What is the highest common divisor of q and 11?
11
Let m(a) = a + 35. Let p be m(-14). What is the greatest common factor of 1134 and p?
21
Suppose 0 = 2*y + y - 276. Suppose -3*u + 8*u - 104 = -3*n, 0 = -3*n - 2*u + y. Let s = n - 19. What is the highest common factor of s and 9?
9
Suppose -2*r - 14 = -3*n, -4*n + 11 = 5*r - 0. Suppose -n*i + 176 = 16. What is the greatest common factor of i and 320?
40
Suppose 507 = -9*j + 22*j. Calculate the highest common divisor of 312 and j.
39
Let q = -733 - -736. What is the greatest common factor of q and 375?
3
Suppose 667*w - 672*w + 375 = 0. What is the highest common divisor of w and 300?
75
Suppose 7*l - 6*l + 2 = 0, 3*c - 887 = -2*l. What is the greatest common divisor of c and 27?
27
Let r = 147 - 138. Suppose -4*c = -3*j - 51, -5*j + 15 = 5*c - 5. What is the greatest common factor of r and c?
9
Let q be 12 + (-4)/8*-2. Suppose -7 = r - q. Suppose -5*f = -0*k + 4*k - 18,